2 + 7)?
6
Let y be 4 + -1 + -3 + 5. Suppose -5*n + 3465 = y*r, 0 = -5*r + 2*n + 2812 + 618. What is the tens digit of r?
8
Let l = 2964 - 1728. Let v = -921 + l. What is the hundreds digit of v?
3
Let w = 1287 + 19166. What is the tens digit of w?
5
Suppose -32*o - 6*o + 875460 = 22*o. What is the ten thousands digit of o?
1
Suppose l = k + 3*l + 4, 5*k = -4*l - 38. Let j(x) = x - 10. Let d be j(k). Let w = d - -33. What is the units digit of w?
3
Suppose -190982 = 104*l - 107*l + r, 0 = -5*l - 4*r + 318292. What is the tens digit of l?
6
Let x be 4/(-3)*135/(-60). Suppose 8 = 2*n, -4*t + 9*t = -x*n + 2107. What is the tens digit of t?
1
Let z = 610 - 948. Let d = z - -1367. What is the thousands digit of d?
1
What is the thousands digit of (3 - -18)/3 - -9672?
9
Suppose 3*z = -3*n + 108, -4*n - 5*z + 2*z + 140 = 0. Let o(f) = 0*f - n*f + 9 - f. What is the tens digit of o(-3)?
0
Let j(y) = -12*y + 4. Let x(s) = 6*s + 19*s - 6 - 2. Let d(c) = 13*j(c) + 6*x(c). What is the tens digit of d(-14)?
8
Let b = 3 + 11. Let m = 136 + b. What is the tens digit of (12/5)/(604/m + -4)?
9
Let p be -8 - (-2)/(-6)*-129. Suppose -p*v - 2900 = -38950. What is the hundreds digit of v?
0
Let z(k) = 5*k + 63. Let o be z(-9). Suppose -25*l + 3717 = -o*l. What is the tens digit of l?
3
Suppose -3*u = 62 + 10. What is the hundreds digit of (-2008)/u*3 - -3?
2
Let y be (5/(-15))/((-1)/3). What is the tens digit of (y - 16110/(-24)) + (-2)/8?
7
Suppose 1032*w + f + 5087 = 1037*w, -w + 1030 = 4*f. What is the thousands digit of w?
1
Let v = -19 + 25. Suppose 0 = v*f - 0*f - 1080. Suppose -58*z = -56*z - f. What is the tens digit of z?
9
Suppose 0 = -2*c - 2*c + 2*c. What is the tens digit of (c + 22)/((-4 + -1)/(-225))?
9
Let w(t) = -2*t**2 - 29*t - 11. Let g = 113 - 42. Let p = 58 - g. What is the tens digit of w(p)?
2
What is the hundreds digit of (-1 - -27842 - -15)/((5 - 3)/2)?
8
Suppose 392801 = -18396*i + 18427*i. What is the ten thousands digit of i?
1
Let c = -158 - -164. Suppose 284 = c*z - 1414. What is the hundreds digit of z?
2
Suppose n = 5*t - 124, t + 4*t + 4*n - 129 = 0. Let l = -68 + 106. Let c = t + l. What is the units digit of c?
3
Let w be 5 - (238/(-51))/((-4)/198). Let d = 315 - w. What is the units digit of d?
1
Suppose -4*x = -20, 5*n - x = -0*n + 30. Suppose n*i - 14 - 161 = 0. What is the units digit of i?
5
Let l(y) = 3*y**2 + 2*y - 6. Let u be l(6). Suppose 168 = -3*n - u. Let c = n + 131. What is the tens digit of c?
3
Let v(l) = -l - 1. Let h(j) = -48*j - 16. Let z(n) = -h(n) + 40*v(n). Let o be z(3). Suppose -12*d + 2*d + 1460 = o. What is the tens digit of d?
4
Suppose -43*g + 803343 = -651691. What is the ten thousands digit of g?
3
Let d = 31 - 29. Suppose -2*w = -4*p - 1300, -d*p = -5*p + 15. What is the tens digit of w?
6
Let c be (-25 - 2)/((-3)/(-10)). Let l be (0 + (3 - 18))*c/25. Let b = l - 11. What is the units digit of b?
3
Let k = 38687 - 26593. What is the thousands digit of k?
2
Let i = 216 + -205. What is the units digit of ((-26)/6 + (i - 8))*-459?
2
Suppose -31*m + 26*m + 49716 = y, 347812 = 7*y - 5*m. What is the tens digit of y?
9
Let l be 30/(5/(20/8)). Suppose l = 4*v + x, 2*x = -v - 3*x - 20. Suppose -3*n = -3*k + 141, -47 = -k - v*n + n. What is the units digit of k?
7
Let h = 37 + -32. Let w be 2*(285/6)/h. Suppose -3*g + 15 = -3*a, 3*a = 4*g - 6 - w. What is the tens digit of g?
1
Let i(u) = 3 + 4 - 7*u + 4*u + u. Let h be i(2). What is the hundreds digit of (2 + h*-37)*-1*1?
1
Suppose -5*l - 33013 = -2*p, 8038 = 2*p - 3*l - 24961. What is the tens digit of p?
8
Let w = -139 + 33. Let a = w - -372. What is the hundreds digit of a?
2
Suppose 0 = -4*r - 3*n + 65527, 65482 = 4*r + 85*n - 91*n. What is the ten thousands digit of r?
1
Suppose 418 = -13*t + 2745. Suppose 0 = -m + 3*f + t, 4*m - 2*f - 746 = -5*f. What is the tens digit of m?
8
Suppose 0*i - p = -3*i + 177, 4*i - 236 = 4*p. Let v = i - 17. What is the units digit of (v/(-21))/((-3)/((-966)/(-4)))?
1
Let v = 207 - 206. What is the hundreds digit of (302*v)/(40/80)?
6
Let z = -8800 - -9183. Let u(t) = -43*t - 1. Let n be u(4). Let o = n + z. What is the tens digit of o?
1
What is the thousands digit of 15201 - ((-1 - 1) + -20 + 11)?
5
Let b = -69421 - -118654. What is the hundreds digit of b?
2
Suppose 226*x = 170474 - 32162. What is the tens digit of x?
1
Suppose -69*k = -66*k - 291. Suppose 2*r - 5*l - k = 1, 3*r - 136 = 2*l. What is the units digit of r?
4
Let q be (93 + 1)*3 - 2. Let w = 240 + q. What is the tens digit of w?
2
Let k(b) = -5*b**3 + 5*b**2 + 21*b - 63. What is the thousands digit of k(-17)?
5
What is the units digit of 26282/3 + -2*(890/60 - 14)?
9
Suppose 135 = -7*i - 96. Let d = 64 + i. What is the units digit of d?
1
Let b be (2 + 4)/(21/14). Let s(q) = 20*q**3 - 21*q**2 + q + 2. What is the units digit of s(b)?
0
Suppose -1509 = -2*y + 3*c + 1606, 5*y = -3*c + 7840. Suppose -2*x + 4*u + 777 = -u, -u = 4*x - y. What is the tens digit of x?
9
Let h(f) = 117*f - 85. Let a be 7/((-21)/(-12)) - 6 - -13. What is the units digit of h(a)?
2
Let f(k) = 3*k - 86. Let y be f(28). Let b(w) = -32*w**3 - w**2 + 4. What is the units digit of b(y)?
6
Let q = -4 + 3. Let d be (-17 - -44)*(q - -2). Let g = 163 - d. What is the units digit of g?
6
Let z be -6 + 4/((-28)/(-1351)). Suppose -d - 5*g = -z, -84 = d + 3*g - 271. What is the hundreds digit of d?
1
Let s(j) = j - 1. Let n(f) = 10*f - 45. Let w(c) = -n(c) + 2*s(c). Let a be w(8). What is the units digit of (2 - a/(-9))*-60?
0
Let i(r) = -16*r - 319. Let j be i(-20). What is the thousands digit of (3580/7)/(j + (-35)/49)?
1
Suppose -299 = -6*w + 193. Suppose 2*q + 72 = -w. Let o = -37 - q. What is the units digit of o?
0
Suppose 191*y + m = 195*y - 25739, 0 = -2*m + 2. What is the tens digit of y?
3
Suppose w + 5*q - 16 = 0, 3 = -w - 2*q + 22. Let i be (-174)/w - (-8)/28. Let v(p) = -p**3 - 8*p**2 - 13*p - 17. What is the tens digit of v(i)?
8
Suppose 17*q - 11*q + 6 = 0. Let w(y) = -288*y + 5. What is the units digit of w(q)?
3
Let v(f) = -3*f**2 - 10*f + 94. What is the units digit of v(-7)?
7
Let l(v) = -1053*v - 4142. What is the thousands digit of l(-28)?
5
Let h(z) = 2*z**2 + 13*z - 78. Let g be h(5). Suppose 39*i = g*i + 2182. What is the tens digit of i?
9
Let w be (-1)/3 - (-5 + (-1480)/12). Let j = 219 + w. What is the tens digit of j?
4
Let v be (39/(-12))/((-3*1)/12). Let g(n) = -n**3 + 13*n**2 - 10. Let a be g(v). What is the tens digit of ((-84)/a)/((-16)/(-160))?
8
Suppose d - 27683 = -4*s, -d = -3*s - 9866 - 17817. What is the thousands digit of d?
7
Let u = -17825 + 30460. What is the units digit of u?
5
Let a(f) = 244*f - 1. Let u be a(1). Suppose 0 = -2*l - c + u, 26 = -l - 2*c + 149. What is the units digit of l?
1
Let m(d) = -813*d**3 + 6*d**2 + 102*d + 466. What is the units digit of m(-4)?
6
Suppose 5*z + 4*a - 20571 = 83916, a = -2*z + 41793. What is the tens digit of z?
9
Let k(r) = 4*r**2 + 20*r - 28. Let q(v) = v**2 + 6*v - 9. Let g(m) = 6*k(m) - 19*q(m). Let t be -3*(-1)/(3/(-4)). What is the units digit of g(t)?
9
Let j(w) = 250*w - 3049. What is the tens digit of j(29)?
0
Suppose 8*r + 279 = -1. Let x = r + 38. Let q = 36 + x. What is the units digit of q?
9
Let p(i) = 76*i - 12. Let l be p(-2). Let d = l - -506. Suppose 3*y + 3*m - d = 0, 4*m = -3*y - 0*m + 344. What is the tens digit of y?
1
Let y(a) = 17*a + 66. Let u be y(-28). Let q = u + 749. What is the tens digit of q?
3
Let t(v) = 21 + 34 - 1257*v + 37 - 64. What is the tens digit of t(-1)?
8
Suppose -5*u + 55 = -0. Suppose -10*d + u*d = 8. Suppose d*c - 332 = 332. What is the tens digit of c?
8
Suppose -3*c + 4*h + 7072 = 0, 6*c + 7067 = 9*c - 5*h. What is the thousands digit of c?
2
Suppose 4*q - 24 = -z, 10*z - 5*z - 2*q - 10 = 0. Suppose -2*p - 653 = -m, 0 = -z*m - 0*p + 3*p + 2637. What is the units digit of m?
3
Let c = 70 - 37. Let b be -2*102/24*(0 + 2). Let i = b + c. What is the tens digit of i?
1
Let c(m) = m**2 + 3*m + 5. Let p be c(-3). Suppose -2*t + 2*i = -2*i - 2404, -p*i = 4*t - 4756. What is the tens digit of t?
9
Let r be (-3)/12 - (-4967)/(-4). Let a(d) = d**2 + 8*d + 4. Let h be a(-6). What is the units digit of (-57)/(-76) + r/h?
6
Let d(b) = 57*b + 31. Let t(i) = i - 2. Let w(l)